it of 36037564?
6
What is the hundred millions digit of 144047863?
1
What is the hundreds digit of 82402042?
0
What is the hundred millions digit of 2813551547?
8
What is the tens digit of 2451969?
6
What is the tens digit of 157365478?
7
What is the ten millions digit of 987639507?
8
What is the units digit of 550097879?
9
What is the units digit of 130385063?
3
What is the tens digit of 89605429?
2
What is the hundreds digit of 127984251?
2
What is the thousands digit of 346922100?
2
What is the thousands digit of 3116531?
6
What is the hundred thousands digit of 977756084?
7
What is the hundreds digit of 164159397?
3
What is the hundreds digit of 1749919269?
2
What is the thousands digit of 190363206?
3
What is the thousands digit of 129652227?
2
What is the hundred thousands digit of 9134842?
1
What is the hundred thousands digit of 9117531?
1
What is the ten millions digit of 459427448?
5
What is the billions digit of 4191225475?
4
What is the tens digit of 346905800?
0
What is the hundred millions digit of 240140458?
2
What is the units digit of 97146056?
6
What is the millions digit of 614512365?
4
What is the ten millions digit of 3827845593?
2
What is the tens digit of 702027589?
8
What is the ten thousands digit of 45112546?
1
What is the billions digit of 1055766816?
1
What is the units digit of 95670094?
4
What is the millions digit of 2417115740?
7
What is the thousands digit of 399065467?
5
What is the thousands digit of 19698001?
8
What is the billions digit of 1797605583?
1
What is the millions digit of 65027932?
5
What is the ten millions digit of 184112282?
8
What is the hundred millions digit of 152605885?
1
What is the hundred millions digit of 1599981193?
5
What is the thousands digit of 47349422?
9
What is the ten millions digit of 2477994999?
7
What is the millions digit of 20641546?
0
What is the millions digit of 155323583?
5
What is the hundreds digit of 12414713?
7
What is the tens digit of 3966855211?
1
What is the thousands digit of 607760643?
0
What is the tens digit of 201487864?
6
What is the millions digit of 330053701?
0
What is the thousands digit of 38480544?
0
What is the thousands digit of 1794511760?
1
What is the units digit of 148531467?
7
What is the units digit of 252877948?
8
What is the ten thousands digit of 626248101?
4
What is the thousands digit of 43372665?
2
What is the hundred thousands digit of 36522672?
5
What is the hundreds digit of 540279580?
5
What is the hundred millions digit of 2631862093?
6
What is the ten thousands digit of 616234810?
3
What is the units digit of 2390664975?
5
What is the billions digit of 2953922817?
2
What is the tens digit of 799401269?
6
What is the hundreds digit of 49868292?
2
What is the billions digit of 1533280206?
1
What is the thousands digit of 8731248475?
8
What is the units digit of 1183170150?
0
What is the millions digit of 94527114?
4
What is the ten thousands digit of 209790862?
9
What is the hundreds digit of 3396332?
3
What is the ten millions digit of 2696864044?
9
What is the thousands digit of 21232626?
2
What is the hundreds digit of 58359132?
1
What is the hundred millions digit of 345736036?
3
What is the ten thousands digit of 197408104?
0
What is the ten millions digit of 311709255?
1
What is the units digit of 1127159277?
7
What is the millions digit of 1036995705?
6
What is the hundreds digit of 601064653?
6
What is the ten thousands digit of 93300153?
0
What is the ten millions digit of 1224527509?
2
What is the tens digit of 58127150?
5
What is the millions digit of 1316125?
1
What is the units digit of 89176610?
0
What is the units digit of 686000408?
8
What is the units digit of 3028897903?
3
What is the millions digit of 248068608?
8
What is the billions digit of 2402781851?
2
What is the ten millions digit of 318433374?
1
What is the tens digit of 60295905?
0
What is the hundreds digit of 389117855?
8
What is the hundreds digit of 1886889035?
0
What is the millions digit of 313190682?
3
What is the ten millions digit of 216877793?
1
What is the ten thousands digit of 65836550?
3
What is the hundreds digit of 4569484?
4
What is the ten millions digit of 7601597192?
0
What is the hundred thousands digit of 708048127?
0
What is the ten thousands digit of 269864093?
6
What is the ten millions digit of 294972069?
9
What is the hundred thousands digit of 2249467594?
4
What is the thousands digit of 436608146?
8
What is the hundred millions digit of 168528084?
1
What is the hundreds digit of 264386099?
0
What is the units digit of 517062536?
6
What is the ten thousands digit of 962839459?
3
What is the hundred thousands digit of 694206822?
2
What is the hundreds digit of 3117231775?
7
What is the ten millions digit of 338306804?
3
What is the hundred thousands digit of 89739001?
7
What is the hundred thousands digit of 89328938?
3
What is the thousands digit of 319989376?
9
What is the hundreds digit of 47846379?
3
What is the millions digit of 9858058?
9
What is the thousands digit of 25393744?
3
What is the ten thousands digit of 91085188?
8
What is the thousands digit of 896227833?
7
What is the hundred thousands digit of 31963204?
9
What is the ten millions digit of 354742680?
5
What is the hundreds digit of 572412?
4
What is the units digit of 812171523?
3
What is the hundreds digit of 43519374?
3
What is the tens digit of 66285489?
8
What is the ten millions digit of 55472505?
5
What is the billions digit of 4238223993?
4
What is the millions digit of 7329567406?
9
What is the tens digit of 239867055?
5
What is the hundreds digit of 5653654268?
2
What is the ten millions digit of 148985972?
4
What is the ten thousands digit of 218043236?
4
What is the tens digit of 202483522?
2
What is the hundred thousands digit of 1084258?
0
What is the hundred thousands digit of 663714735?
7
What is the tens digit of 39111479?
7
What is the ten thousands digit of 6896150408?
5
What is the tens digit of 438413529?
2
What is the tens digit of 2970905169?
6
What is the ten thousands digit of 481031346?
3
What is the thousands digit of 97032699?
2
What is the hundred thousands digit of 12824820?
8
What is the hundreds digit of 4614472872?
8
What is the hundred millions digit of 467621204?
4
What is the millions digit of 116584539?
6
What is the hundreds digit of 705777906?
9
What is the tens digit of 103222785?
8
What is the hundred millions digit of 348854168?
3
What is the millions digit of 457836434?
7
What is the hundred millions digit of 237457375?
2
What is the millions digit of 213058042?
3
What is the tens digit of 2338703509?
0
What is the hundred thousands digit of 469596032?
5
What is the hundred thousands digit of 1018366562?
3
What is the hundred thousands digit of 3352706259?
7
What is the units digit of 3740360040?
0
What is the thousands digit of 1958364283?
4
What is the units digit of 24236695?
5
What is the units digit of 3939968022?
2
What is the hundred thousands digit of 216370515?
3
What is the ten millions digit of 434726837?
3
What is the tens digit of 1231988376?
7
What is the thousands digit of 61347340?
7
What is the ten millions digit of 336023506?
3
What is the thousands digit of 1292562?
2
What is the tens digit of 332261097?
9
What is the thousands digit of 41279870?
9
What is the thousands digit of 8688189871?
9
What is the ten millions digit of 4132826729?
3
What is the hundreds digit of 1581827628?
6
What is the hundred thousands digit of 152666051?
6
What is the ten millions digit of 414239987?
1
What is the millions digit of 46393932?
6
What is the thousands digit of 47389522?
9
What is the tens digit of 957988646?
4
What is the hundred millions digit of 2784953218?
7
What is the hundred thousands digit of 568953544?
9
What is the thousands digit of 86245716?
5
What is the thousands digit of 711631?
1
What is the hundred thousands digit of 529694594?
6
What is the ten millions digit of 1590171981?
9
What is the millions digit of 58222541?
8
What is the tens digit of 1757386922?
2
What is the hundreds digit of 795937791?
7
What is the units digit of 1771439258?
8
What is the hundreds digit of 250033509?
5
What is the millions digit of 551778359?
1
What is the ten millions digit of 55745189?
5
What is the ten